eds digit of 1219296150?
1
What is the hundred thousands digit of 9138338?
1
What is the hundreds digit of 6207044808?
8
What is the thousands digit of 77092434?
2
What is the ten thousands digit of 3492484382?
8
What is the millions digit of 4472292612?
2
What is the hundred thousands digit of 87551820?
5
What is the tens digit of 7576141945?
4
What is the hundreds digit of 69848245?
2
What is the hundred millions digit of 2715160072?
7
What is the tens digit of 1359674401?
0
What is the millions digit of 199529283?
9
What is the hundred thousands digit of 4817057467?
0
What is the hundred thousands digit of 466177635?
1
What is the ten thousands digit of 18215026?
1
What is the thousands digit of 581385793?
5
What is the thousands digit of 1970511517?
1
What is the hundred millions digit of 238956902?
2
What is the hundred thousands digit of 2102187?
1
What is the millions digit of 44671327?
4
What is the hundreds digit of 63949528?
5
What is the tens digit of 31766206?
0
What is the ten millions digit of 1046857559?
4
What is the ten millions digit of 69874531?
6
What is the hundred millions digit of 329344104?
3
What is the ten millions digit of 1360375585?
6
What is the ten thousands digit of 402611813?
1
What is the millions digit of 398294536?
8
What is the millions digit of 54830507?
4
What is the hundred thousands digit of 53848704?
8
What is the millions digit of 294760926?
4
What is the hundred millions digit of 3157205653?
1
What is the hundred thousands digit of 77343138?
3
What is the hundred thousands digit of 954496839?
4
What is the ten thousands digit of 2769437124?
3
What is the ten millions digit of 258465955?
5
What is the hundred thousands digit of 8398820?
3
What is the ten thousands digit of 912648102?
4
What is the millions digit of 1680236422?
0
What is the units digit of 1260430291?
1
What is the hundred thousands digit of 3796891002?
8
What is the hundreds digit of 14253660?
6
What is the thousands digit of 164237996?
7
What is the hundred thousands digit of 567787881?
7
What is the ten millions digit of 191197962?
9
What is the hundred millions digit of 242184214?
2
What is the thousands digit of 1764650531?
0
What is the tens digit of 9522550?
5
What is the hundreds digit of 40975962?
9
What is the units digit of 52666180?
0
What is the hundreds digit of 150272321?
3
What is the tens digit of 283417375?
7
What is the millions digit of 325736789?
5
What is the hundred thousands digit of 346109158?
1
What is the hundreds digit of 32838777?
7
What is the units digit of 85204476?
6
What is the ten thousands digit of 56980458?
8
What is the units digit of 2924323?
3
What is the tens digit of 2910487083?
8
What is the tens digit of 14339155?
5
What is the millions digit of 684133276?
4
What is the hundred thousands digit of 769923945?
9
What is the hundred millions digit of 259946900?
2
What is the thousands digit of 3401073606?
3
What is the millions digit of 38677822?
8
What is the millions digit of 56879115?
6
What is the hundred thousands digit of 39220080?
2
What is the hundreds digit of 1586403?
4
What is the tens digit of 604150791?
9
What is the millions digit of 990573498?
0
What is the hundred thousands digit of 370160697?
1
What is the hundreds digit of 10216248?
2
What is the units digit of 1075093446?
6
What is the hundreds digit of 19678550?
5
What is the ten thousands digit of 1147593079?
9
What is the thousands digit of 160512799?
2
What is the tens digit of 51404269?
6
What is the millions digit of 66762404?
6
What is the tens digit of 1031944415?
1
What is the millions digit of 93736298?
3
What is the millions digit of 266890678?
6
What is the hundred millions digit of 439579116?
4
What is the tens digit of 172973973?
7
What is the hundred thousands digit of 902640368?
6
What is the ten millions digit of 40685467?
4
What is the millions digit of 94403940?
4
What is the ten millions digit of 2596387505?
9
What is the thousands digit of 82148897?
8
What is the millions digit of 549805656?
9
What is the hundreds digit of 26858246?
2
What is the thousands digit of 183971300?
1
What is the thousands digit of 221515726?
5
What is the units digit of 374347757?
7
What is the millions digit of 76114666?
6
What is the ten thousands digit of 5707545?
0
What is the ten thousands digit of 2855388?
5
What is the hundred thousands digit of 75964350?
9
What is the millions digit of 7988326?
7
What is the hundreds digit of 361108540?
5
What is the hundreds digit of 35208243?
2
What is the hundred thousands digit of 54531327?
5
What is the hundred thousands digit of 308023207?
0
What is the hundreds digit of 71972910?
9
What is the hundred millions digit of 311756631?
3
What is the thousands digit of 60945668?
5
What is the units digit of 49021495?
5
What is the units digit of 35230665?
5
What is the millions digit of 6831825446?
1
What is the millions digit of 461870930?
1
What is the units digit of 322284504?
4
What is the ten thousands digit of 259975643?
7
What is the units digit of 53336543?
3
What is the hundred thousands digit of 159154893?
1
What is the hundreds digit of 196227800?
8
What is the billions digit of 1055952369?
1
What is the hundred thousands digit of 148766498?
7
What is the tens digit of 1442310358?
5
What is the ten millions digit of 674109701?
7
What is the hundreds digit of 56673274?
2
What is the billions digit of 4996244896?
4
What is the hundreds digit of 28535936?
9
What is the ten thousands digit of 2422935377?
3
What is the ten thousands digit of 19866576?
6
What is the units digit of 4416454956?
6
What is the hundreds digit of 4485674079?
0
What is the ten thousands digit of 1257842001?
4
What is the hundreds digit of 700145064?
0
What is the ten millions digit of 1300792508?
0
What is the thousands digit of 31543873?
3
What is the tens digit of 48938475?
7
What is the ten millions digit of 343132087?
4
What is the millions digit of 286985426?
6
What is the tens digit of 1200234077?
7
What is the hundred millions digit of 422951491?
4
What is the tens digit of 75795988?
8
What is the ten millions digit of 302659225?
0
What is the thousands digit of 68199855?
9
What is the hundred thousands digit of 39113414?
1
What is the tens digit of 61517635?
3
What is the hundred thousands digit of 76059411?
0
What is the ten millions digit of 68010971?
6
What is the units digit of 1276546916?
6
What is the hundreds digit of 151744211?
2
What is the thousands digit of 103741283?
1
What is the ten thousands digit of 2852472551?
7
What is the thousands digit of 43682277?
2
What is the hundred millions digit of 6572951151?
5
What is the ten millions digit of 701258735?
0
What is the tens digit of 1581351613?
1
What is the hundreds digit of 3485680180?
1
What is the ten millions digit of 157411485?
5
What is the thousands digit of 1796452029?
2
What is the hundred thousands digit of 469498335?
4
What is the hundred thousands digit of 49001937?
0
What is the hundred thousands digit of 303337753?
3
What is the hundred millions digit of 101716363?
1
What is the tens digit of 1570435621?
2
What is the hundred millions digit of 118301425?
1
What is the hundreds digit of 453944979?
9
What is the ten thousands digit of 807693295?
9
What is the units digit of 662920173?
3
What is the ten thousands digit of 268834791?
3
What is the units digit of 112480691?
1
What is the tens digit of 7818331?
3
What is the millions digit of 97534859?
7
What is the ten thousands digit of 1534493826?
9
What is the units digit of 386163258?
8
What is the hundred millions digit of 124379836?
1
What is the units digit of 43678451?
1
What is the ten millions digit of 106999431?
0
What is the units digit of 37809820?
0
What is the ten millions digit of 172314302?
7
What is the millions digit of 318159867?
8
What is the hundreds digit of 70079263?
2
What is the units digit of 379243415?
5
What is the hundred millions digit of 925167688?
9
What is the hundreds digit of 166042200?
2
What is the hundreds digit of 71646642?
6
What is the hundred millions digit of 5910531921?
9
What is the millions digit of 1099702379?
9
What is the hundreds digit of 18420973?
9
What is the billions digit of 4811991996?
4
What is the hundred thousands 